e factors of p.
2, 3, 7, 17
Let v = 425 + -377. Suppose v*u = 38*u + 9220. What are the prime factors of u?
2, 461
Let t(m) = m**3 - 3*m**2 + m + 3. Let f be t(3). Suppose w - f*w = -25. Suppose -52 - 50 = -2*u + w*z, -221 = -5*u + 4*z. What are the prime factors of u?
41
Suppose 104*c - 103*c + 2*t - 6417 = 0, -3*c + 5*t = -19262. What are the prime factors of c?
7, 131
Let z(b) be the first derivative of -b**4/4 - b**3 + 2*b**2 + 53*b - 89. List the prime factors of z(-8).
11, 31
Suppose f + 23*l - 70521 = 24*l, -3*l = 5*f - 352581. List the prime factors of f.
2, 3, 7, 23, 73
Let g be 1 - (-1 + (-3 - 4/2)). Suppose -3*m + 5*o + 1042 = 0, -4*m - g*o + 1382 = -10*o. List the prime factors of m.
2, 43
What are the prime factors of (320/(-75) + 4)/(16/(-102760))*36?
2, 3, 7, 367
Suppose w + 19*m - 17*m - 38657 = 0, 0 = 4*w - m - 154700. List the prime factors of w.
3, 4297
Let i(x) be the third derivative of 103*x**4/24 + x**3/2 - 52*x**2. List the prime factors of i(1).
2, 53
Suppose 146*u - 135*u - 8413 = 62108. List the prime factors of u.
3, 2137
Let k(d) be the second derivative of 2*d**3/3 - 6*d**2 - 10*d. Let x be k(3). Suppose -307 = -2*c - u - 41, x = 4*c + 4*u - 540. List the prime factors of c.
131
Let w(i) = -i**2 - 7*i - 8. Let q be w(-2). Suppose 0 = t + 2*c - 101, q*t - 4*c + 396 = 6*t. List the prime factors of t.
97
Let t = -17369 + 46361. List the prime factors of t.
2, 3, 151
Let o(r) = 2*r**3 - 42*r**2 - 18*r + 133. List the prime factors of o(26).
5, 257
Let z = 112 - 97. Suppose z*d - 13432 = -8*d. What are the prime factors of d?
2, 73
Let k = 288 - 121. Let d = 101 - k. Let r = 127 + d. What are the prime factors of r?
61
Let l(a) = -2*a + 20. Let r(w) = 6*w + 4. Let h be r(1). Let p be l(h). Suppose y + 0*u + u - 89 = p, 5*y + 3*u - 451 = 0. List the prime factors of y.
2, 23
Suppose -8360 = -27*w + 5796 - 629. What are the prime factors of w?
3, 167
Let o(h) be the first derivative of -h**4/2 - 16*h**3/3 - 25*h**2/2 - 22*h - 128. What are the prime factors of o(-11)?
11, 89
Let h(n) = 5*n - 1. Let j(b) = -21*b + 4. Let k(q) = -9*h(q) - 2*j(q). What are the prime factors of k(-5)?
2
Let c(t) = t**3 - 18*t**2 - 19*t + 5. Let s be c(19). Let y be s/30 - -1*(-1)/6. Let f(b) = -b**3 + 2*b**2 + b + 33. List the prime factors of f(y).
3, 11
Let p(t) = t**3 - 7*t**2 - 8*t + 226. List the prime factors of p(18).
2, 1823
Let v be 2/5 + 4228/(-70) - -1. Let t = v - -122. What are the prime factors of t?
3, 7
Let y(x) be the second derivative of 14*x + 1/2*x**3 + 31/2*x**2 + 0. List the prime factors of y(14).
73
Suppose -5*y + 18*w - 16*w + 39108 = 0, -3*y + 23465 = -w. List the prime factors of y.
2, 3911
Let v(b) be the third derivative of -b**4/8 + 2*b**3 - 10*b**2 - 2. Let j be (-13)/5 - 6/15. What are the prime factors of v(j)?
3, 7
Let k = 284 - 155. Suppose -1987*n + 1999*n + 384 = 0. Let z = k + n. List the prime factors of z.
97
Suppose -26*g + 259463 = 11*g - 55888. What are the prime factors of g?
3, 947
Let s = -52 - -56. Suppose 7*u - 4*u + 2397 = s*i, 2403 = 4*i + 3*u. Suppose -13*r + i = -10*r. What are the prime factors of r?
2, 5
What are the prime factors of 10/8 - (-4)/((-48)/(-59901))?
4993
Let a be (24 + -1678)*(-2)/4. Let c = 585 + a. List the prime factors of c.
2, 353
Let t(i) = 36*i + 100. Let u be t(-6). List the prime factors of (-51)/(1 + -2*u/(-224)).
2, 3, 7, 17
Let d(p) = -54*p**2 - 13*p + 33*p**2 + 3 + 22*p**2. What are the prime factors of d(-10)?
233
Let f be 3 - 0*(6 - 95/15). Suppose f*k - 1847 = 340. List the prime factors of k.
3
Let z(v) = -v**3 + 18*v**2 - 22*v + 90. Let b be z(17). Suppose 0 = -b*f - 26*j + 28*j + 3121, -f + 626 = -j. What are the prime factors of f?
7, 89
Let w = 50 - -20. Suppose -21*u - 3*u + 2488 = -368. Let f = w + u. List the prime factors of f.
3, 7
Suppose -174*t + 1932822 = -12*t. List the prime factors of t.
3, 41, 97
Let i = 718 + -211. What are the prime factors of i + 15 + 2 + -8?
2, 3, 43
Let c(a) = 9*a**2 + 13*a + 32. Let h be c(-13). Let b = -730 + h. List the prime factors of b.
2, 3, 109
Let k = 1139 - 803. Let p = 5 + -1. Suppose -k = -3*m - 5*q, -336 = -2*m - m - p*q. List the prime factors of m.
2, 7
Suppose -8*i + 10*i = 0. Suppose i*m - 6*m = -18. Let w(t) = 21*t**2 - t - 6. List the prime factors of w(m).
2, 3, 5
Let h(u) = 3*u**3 + u + 4. Suppose -4*o - 2*o = -114. Let k = o - 16. List the prime factors of h(k).
2, 11
Let v be -3*283*8/(-32)*4. Let c = v - 176. What are the prime factors of c?
673
Suppose 108872 + 143338 = 15*j. List the prime factors of j.
2, 7, 1201
Let t(d) be the first derivative of 21*d**2 + 75*d - 74. List the prime factors of t(3).
3, 67
Let h(y) = y**2 + 18*y - 17. Suppose -3*u + 2*d - 51 = -0*u, -82 = 4*u + 2*d. Let b be h(u). What are the prime factors of 52 + -4 + 4/b?
2, 5
Let m = 96 + -100. What are the prime factors of (m - 16/(-6))/((-6)/423)?
2, 47
Suppose 413*c = 377*c + 190862 + 223498. List the prime factors of c.
2, 5, 1151
Suppose 0 = 2*y - 17 - 3. Suppose -y*x + 19*x - 3096 = 0. What are the prime factors of x?
2, 43
Let q(k) = 5*k**2 - 4*k + 9. Suppose 5*h - 2 = 4*h. Suppose -h*l = l - 4*d - 8, 12 = 2*l + 4*d. What are the prime factors of q(l)?
73
Let j = 139 + -147. Let w be j/2 + (791 - 15). Suppose -w = -4*q + 72. What are the prime factors of q?
211
Suppose 5*w - h = -2763, -3*h - 1255 = 2*w - 143. Let o be (-4)/12 + w/6*-2. Suppose 5*j - 36 = o. What are the prime factors of j?
2, 11
Suppose 0 = -33*o + 45*o - 24. Suppose 126 = o*u - 240. List the prime factors of u.
3, 61
Let a be (0 - (-10465)/(-25)) + 10/(-25). Let d = a + 1131. List the prime factors of d.
2, 89
Let b be 0/(4 - 6 - -1). Let p(j) = j**2 + 574. Let a be p(b). Suppose -91 = -7*f + a. List the prime factors of f.
5, 19
Let n(t) = -t**3 + 11*t**2 - 7*t + 24. Suppose -8*i + 12 = -5*i + 2*d, 0 = 4*d. Suppose -4*s - 9*a = -i*a - 48, -3*a + 47 = 5*s. List the prime factors of n(s).
3, 19
Let o(m) = 141*m - 134. Suppose 11 - 227 = -27*v. List the prime factors of o(v).
2, 7, 71
Let l(z) = 3*z**2 + 15*z - 95. Let o be 6/12*(-4 + 32). What are the prime factors of l(o)?
19, 37
Let d = 68 - 42. Let t = d - 16. List the prime factors of 615/6 + 1 - t/20.
103
Let d = 135 - -5. Suppose d*y - 148*y + 2680 = 0. What are the prime factors of y?
5, 67
Let w(y) = -2*y + 8. Let p be w(4). Suppose p = 8*i - 7*i. Suppose i = -25*x + 28*x - 213. List the prime factors of x.
71
Suppose -2481 - 431 = -g - 571. List the prime factors of g.
2341
Let j(f) = -21*f - 18 - 9 + 332*f + 10. List the prime factors of j(5).
2, 769
Let s = -966 - -1461. Suppose 995 = 5*g - 3*g + 5*v, 0 = -g - 2*v + s. What are the prime factors of g?
5, 97
Suppose 21*k + 11657 - 84149 = 0. What are the prime factors of k?
2, 863
What are the prime factors of -27*4/(-10)*((-181379)/(-66) + 1)?
3, 3299
Suppose 3*l = p + 5*l - 9063, 0 = -3*p - l + 27174. What are the prime factors of p?
3, 3019
Let d(a) = -8*a - 38. Let k be d(-6). Let j(s) = 25 - 1 + k + 19*s - 12. What are the prime factors of j(7)?
5, 31
Let u = -61 - -81. Let o = u + -44. Let t(m) = -m**3 - 25*m**2 - 31*m - 16. What are the prime factors of t(o)?
2, 19
Let b be 1 - 2 - -45 - 1. Let q(j) = -5 - b + j + 12*j + 3*j. What are the prime factors of q(9)?
2, 3
Suppose -4*a = -12*a - 32. Let n(w) = -8*w**3 - 2*w**2 + 7*w - 1. Let k be n(a). Suppose -5*v + 697 = -u, 124 = 4*v + 5*u - k. List the prime factors of v.
2, 5, 7
Suppose 0 = -13*c + 91 + 1599. Let o = c - -165. List the prime factors of o.
5, 59
Let f(x) = -13*x - 55. Let p be f(-5). Suppose p*v - 2826 = 2354. List the prime factors of v.
2, 7, 37
Let k = -591 + 4812. What are the prime factors of k?
3, 7, 67
Let v be (4/14)/(7/49). Suppose 0 = 2*i + v*i + 3*b - 25, -5*i + 38 = -3*b. Suppose 97 = i*l - 162. What are the prime factors of l?
37
Suppose 2*q - 5*z + 14 = 0, 2*q - z = -6*z + 26. Suppose q*g - 64 + 133 = 0. Let j(i) = -2*i**2 - 58*i - 24. What are the prime factors of j(g)?
2, 3, 7
Let y(g) = 6*g**3 - g - 2. Let n be y(2). Let a = -4 - n. List the prime factors of (-4)/a*6 - (-23)/2.
2, 3
Let f = 156 - 126. Suppose -26*m + f*m - 1368 = 0. What are the prime factors of m?
2, 3, 19
Let t be ((-2)/(-6))/(800/(-90) + 9). Let w be (-50)/(-18) - (-4)/18. Sup